{"id":400,"date":"2019-08-29T18:16:34","date_gmt":"2019-08-29T18:16:34","guid":{"rendered":"http:\/\/www.iar.unicamp.br\/extensao\/designgrafico\/?page_id=400"},"modified":"2024-07-08T02:57:22","modified_gmt":"2024-07-08T02:57:22","slug":"contato","status":"publish","type":"page","link":"https:\/\/www.iar.unicamp.br\/extensao\/designgrafico\/contato\/","title":{"rendered":"Contato"},"content":{"rendered":"<div class=\"grid kcm\">\n<div class=\"grid__item six-twelfths portable--auto lap--auto palm--auto top-no-padding bottom-no-padding \" data-style=\"\">\n<p><strong>Curso de Especializa\u00e7\u00e3o em Design Gr\u00e1fico<\/strong><br \/>\ndesigngrafico@iar.unicamp.br<\/p>\n<p>Contato Coordena\u00e7\u00e3o<\/p>\n<p>Coordenador Prof. Dr. Edson do Prado Pf\u00fctzenreuter<\/p>\n<p>&nbsp;<\/p>\n<p><strong>Escola de Extens\u00e3o \u2013 UNICAMP<\/strong><br \/>\nextecamp@extecamp.unicamp.br<br \/>\n+55 19. 3521.4646 \/ 19. 3521.4647<\/p>\n<p>Rua Saturnino de Brito, 2\u00ba andar, 323<br \/>\nCampus Unicamp, Campinas \u2013 SP, 13083-889<\/p>\n<p>Atendimento: Segunda a sexta-feira, das 9h \u00e0s 17h.<\/p>\n<p>&nbsp;<\/p>\n<p><strong>Local do Curso<\/strong><br \/>\nAs aulas do pr\u00f3ximo oferecimento ser\u00e3o ministradas online.<\/p>\n<p>&nbsp;<\/p>\n<\/div>\n<\/div>\n","protected":false},"excerpt":{"rendered":"<p>Curso de Especializa\u00e7\u00e3o em Design Gr\u00e1fico designgrafico@iar.unicamp.br Contato Coordena\u00e7\u00e3o Coordenador Prof. Dr. Edson do Prado Pf\u00fctzenreuter &nbsp; Escola de Extens\u00e3o \u2013 UNICAMP extecamp@extecamp.unicamp.br +55 19. 3521.4646 \/ 19. 3521.4647 Rua Saturnino de Brito, 2\u00ba andar, 323 Campus Unicamp, Campinas \u2013 SP, 13083-889 Atendimento: Segunda a sexta-feira, das 9h \u00e0s 17h. &nbsp; Local do Curso As [&hellip;]<\/p>\n","protected":false},"author":1,"featured_media":0,"parent":0,"menu_order":0,"comment_status":"closed","ping_status":"closed","template":"","meta":{"_mi_skip_tracking":false,"_exactmetrics_sitenote_active":false,"_exactmetrics_sitenote_note":"","_exactmetrics_sitenote_category":0,"footnotes":""},"yoast_head":"<!-- This site is optimized with the Yoast SEO plugin v21.5 - https:\/\/yoast.com\/wordpress\/plugins\/seo\/ -->\n<title>Contato - Especializa\u00e7\u00e3o em Design Gr\u00e1fico Unicamp<\/title>\n<meta name=\"robots\" content=\"index, follow, max-snippet:-1, max-image-preview:large, max-video-preview:-1\" \/>\n<link rel=\"canonical\" href=\"https:\/\/www.iar.unicamp.br\/extensao\/designgrafico\/contato\/\" \/>\n<meta property=\"og:locale\" content=\"pt_BR\" \/>\n<meta property=\"og:type\" content=\"article\" \/>\n<meta property=\"og:title\" content=\"Contato - Especializa\u00e7\u00e3o em Design Gr\u00e1fico Unicamp\" \/>\n<meta property=\"og:description\" content=\"Curso de Especializa\u00e7\u00e3o em Design Gr\u00e1fico designgrafico@iar.unicamp.br Contato Coordena\u00e7\u00e3o Coordenador Prof. Dr. Edson do Prado Pf\u00fctzenreuter &nbsp; Escola de Extens\u00e3o \u2013 UNICAMP extecamp@extecamp.unicamp.br +55 19. 3521.4646 \/ 19. 3521.4647 Rua Saturnino de Brito, 2\u00ba andar, 323 Campus Unicamp, Campinas \u2013 SP, 13083-889 Atendimento: Segunda a sexta-feira, das 9h \u00e0s 17h. &nbsp; Local do Curso As [&hellip;]\" \/>\n<meta property=\"og:url\" content=\"https:\/\/www.iar.unicamp.br\/extensao\/designgrafico\/contato\/\" \/>\n<meta property=\"og:site_name\" content=\"Especializa\u00e7\u00e3o em Design Gr\u00e1fico Unicamp\" \/>\n<meta property=\"article:modified_time\" content=\"2024-07-08T02:57:22+00:00\" \/>\n<meta name=\"twitter:card\" content=\"summary_large_image\" \/>\n<meta name=\"twitter:label1\" content=\"Est. tempo de leitura\" \/>\n\t<meta name=\"twitter:data1\" content=\"1 minuto\" \/>\n<script type=\"application\/ld+json\" class=\"yoast-schema-graph\">{\"@context\":\"https:\/\/schema.org\",\"@graph\":[{\"@type\":\"WebPage\",\"@id\":\"https:\/\/www.iar.unicamp.br\/extensao\/designgrafico\/contato\/\",\"url\":\"https:\/\/www.iar.unicamp.br\/extensao\/designgrafico\/contato\/\",\"name\":\"Contato - Especializa\u00e7\u00e3o em Design Gr\u00e1fico Unicamp\",\"isPartOf\":{\"@id\":\"https:\/\/www.iar.unicamp.br\/extensao\/designgrafico\/#website\"},\"datePublished\":\"2019-08-29T18:16:34+00:00\",\"dateModified\":\"2024-07-08T02:57:22+00:00\",\"breadcrumb\":{\"@id\":\"https:\/\/www.iar.unicamp.br\/extensao\/designgrafico\/contato\/#breadcrumb\"},\"inLanguage\":\"pt-BR\",\"potentialAction\":[{\"@type\":\"ReadAction\",\"target\":[\"https:\/\/www.iar.unicamp.br\/extensao\/designgrafico\/contato\/\"]}]},{\"@type\":\"BreadcrumbList\",\"@id\":\"https:\/\/www.iar.unicamp.br\/extensao\/designgrafico\/contato\/#breadcrumb\",\"itemListElement\":[{\"@type\":\"ListItem\",\"position\":1,\"name\":\"Home\",\"item\":\"https:\/\/www.iar.unicamp.br\/extensao\/designgrafico\/\"},{\"@type\":\"ListItem\",\"position\":2,\"name\":\"Contato\"}]},{\"@type\":\"WebSite\",\"@id\":\"https:\/\/www.iar.unicamp.br\/extensao\/designgrafico\/#website\",\"url\":\"https:\/\/www.iar.unicamp.br\/extensao\/designgrafico\/\",\"name\":\"Especializa\u00e7\u00e3o em Design Gr\u00e1fico Unicamp\",\"description\":\"Destinado a profissionais que buscam se aprofundar no universo do design, o curso de especializa\u00e7\u00e3o em Design Gr\u00e1fico da UNICAMP, propicia ao aluno o desenvolvimento do pensamento projetivo.\",\"potentialAction\":[{\"@type\":\"SearchAction\",\"target\":{\"@type\":\"EntryPoint\",\"urlTemplate\":\"https:\/\/www.iar.unicamp.br\/extensao\/designgrafico\/?s={search_term_string}\"},\"query-input\":\"required name=search_term_string\"}],\"inLanguage\":\"pt-BR\"}]}<\/script>\n<!-- \/ Yoast SEO plugin. -->","yoast_head_json":{"title":"Contato - Especializa\u00e7\u00e3o em Design Gr\u00e1fico Unicamp","robots":{"index":"index","follow":"follow","max-snippet":"max-snippet:-1","max-image-preview":"max-image-preview:large","max-video-preview":"max-video-preview:-1"},"canonical":"https:\/\/www.iar.unicamp.br\/extensao\/designgrafico\/contato\/","og_locale":"pt_BR","og_type":"article","og_title":"Contato - Especializa\u00e7\u00e3o em Design Gr\u00e1fico Unicamp","og_description":"Curso de Especializa\u00e7\u00e3o em Design Gr\u00e1fico designgrafico@iar.unicamp.br Contato Coordena\u00e7\u00e3o Coordenador Prof. Dr. Edson do Prado Pf\u00fctzenreuter &nbsp; Escola de Extens\u00e3o \u2013 UNICAMP extecamp@extecamp.unicamp.br +55 19. 3521.4646 \/ 19. 3521.4647 Rua Saturnino de Brito, 2\u00ba andar, 323 Campus Unicamp, Campinas \u2013 SP, 13083-889 Atendimento: Segunda a sexta-feira, das 9h \u00e0s 17h. &nbsp; Local do Curso As [&hellip;]","og_url":"https:\/\/www.iar.unicamp.br\/extensao\/designgrafico\/contato\/","og_site_name":"Especializa\u00e7\u00e3o em Design Gr\u00e1fico Unicamp","article_modified_time":"2024-07-08T02:57:22+00:00","twitter_card":"summary_large_image","twitter_misc":{"Est. tempo de leitura":"1 minuto"},"schema":{"@context":"https:\/\/schema.org","@graph":[{"@type":"WebPage","@id":"https:\/\/www.iar.unicamp.br\/extensao\/designgrafico\/contato\/","url":"https:\/\/www.iar.unicamp.br\/extensao\/designgrafico\/contato\/","name":"Contato - Especializa\u00e7\u00e3o em Design Gr\u00e1fico Unicamp","isPartOf":{"@id":"https:\/\/www.iar.unicamp.br\/extensao\/designgrafico\/#website"},"datePublished":"2019-08-29T18:16:34+00:00","dateModified":"2024-07-08T02:57:22+00:00","breadcrumb":{"@id":"https:\/\/www.iar.unicamp.br\/extensao\/designgrafico\/contato\/#breadcrumb"},"inLanguage":"pt-BR","potentialAction":[{"@type":"ReadAction","target":["https:\/\/www.iar.unicamp.br\/extensao\/designgrafico\/contato\/"]}]},{"@type":"BreadcrumbList","@id":"https:\/\/www.iar.unicamp.br\/extensao\/designgrafico\/contato\/#breadcrumb","itemListElement":[{"@type":"ListItem","position":1,"name":"Home","item":"https:\/\/www.iar.unicamp.br\/extensao\/designgrafico\/"},{"@type":"ListItem","position":2,"name":"Contato"}]},{"@type":"WebSite","@id":"https:\/\/www.iar.unicamp.br\/extensao\/designgrafico\/#website","url":"https:\/\/www.iar.unicamp.br\/extensao\/designgrafico\/","name":"Especializa\u00e7\u00e3o em Design Gr\u00e1fico Unicamp","description":"Destinado a profissionais que buscam se aprofundar no universo do design, o curso de especializa\u00e7\u00e3o em Design Gr\u00e1fico da UNICAMP, propicia ao aluno o desenvolvimento do pensamento projetivo.","potentialAction":[{"@type":"SearchAction","target":{"@type":"EntryPoint","urlTemplate":"https:\/\/www.iar.unicamp.br\/extensao\/designgrafico\/?s={search_term_string}"},"query-input":"required name=search_term_string"}],"inLanguage":"pt-BR"}]}},"_links":{"self":[{"href":"https:\/\/www.iar.unicamp.br\/extensao\/designgrafico\/wp-json\/wp\/v2\/pages\/400"}],"collection":[{"href":"https:\/\/www.iar.unicamp.br\/extensao\/designgrafico\/wp-json\/wp\/v2\/pages"}],"about":[{"href":"https:\/\/www.iar.unicamp.br\/extensao\/designgrafico\/wp-json\/wp\/v2\/types\/page"}],"author":[{"embeddable":true,"href":"https:\/\/www.iar.unicamp.br\/extensao\/designgrafico\/wp-json\/wp\/v2\/users\/1"}],"replies":[{"embeddable":true,"href":"https:\/\/www.iar.unicamp.br\/extensao\/designgrafico\/wp-json\/wp\/v2\/comments?post=400"}],"version-history":[{"count":10,"href":"https:\/\/www.iar.unicamp.br\/extensao\/designgrafico\/wp-json\/wp\/v2\/pages\/400\/revisions"}],"predecessor-version":[{"id":1193,"href":"https:\/\/www.iar.unicamp.br\/extensao\/designgrafico\/wp-json\/wp\/v2\/pages\/400\/revisions\/1193"}],"wp:attachment":[{"href":"https:\/\/www.iar.unicamp.br\/extensao\/designgrafico\/wp-json\/wp\/v2\/media?parent=400"}],"curies":[{"name":"wp","href":"https:\/\/api.w.org\/{rel}","templated":true}]}}